)?
9
Let z(g) be the third derivative of 0*g + 0 - 7/24*g**4 + 3*g**3 - 18*g**2. Let a be z(4). Let h(i) = i**3 + 9*i**2 - 10*i + 11. Calculate h(a).
11
Let l = -25085 - -39120. Suppose t + 4*o - 2 = 0, -3*t - 15*o + 6 = -10*o. Let u(m) = m**t - l*m - 3*m**2 + 14038*m - 2. Determine u(2).
-4
Let s = 2058 + -2042. Let b(a) = 4*a**2 - 64*a - 16. What is b(s)?
-16
Let z(g) = 14*g**3 + 3*g**2 + 4*g - 5. Let i(c) = -3*c**3 + 54*c**2 + 42*c + 286. Let h be i(19). Calculate z(h).
16
Let f(p) = p**3 + 9*p**2 + 7*p - 19. Let c(i) = i**2 + 208*i + 5183. Let u be c(-29). Give f(u).
-11
Suppose -5 + 8 = r + 8. Let g(w) = -w**3 - 4*w**2 + 5*w + 8. What is g(r)?
8
Let q = -1 + -2. Suppose -p + 4*t = 5*t - 5, 4*p - 16 = -2*t. Let w(f) = -3014*f**2 + 3017*f**2 + 0*f**3 + f**p - 2 - 4*f. Calculate w(q).
10
Suppose 4*m + 64 = -5*s, -5*m + 132 = s + 170. Let w(b) = -b**2 + 4*b + 16. Give w(m).
-44
Let p be ((-2)/12)/((-18)/108). Let g be p/(-3 + 13/4). Let x be (g - 3)/((-2)/(-10)). Let d(r) = 2*r - 6. What is d(x)?
4
Let q(l) = 18*l**2 + 13*l**2 + 3 - 30*l**2 + 7*l. Let t(v) = -v**2 - 23*v + 18. Let w be t(-24). Calculate q(w).
-3
Suppose 5*r + 5*p - 32 = -87, 0 = 5*r - 3*p + 15. Let y(z) = 10 - 12 + z + 0*z. Give y(r).
-8
Let u(x) = -3*x - 42. Suppose 0 = -35*z + 337 - 967. Calculate u(z).
12
Let w(d) = 4*d**2 + 28*d - 797. Let q be w(11). Let f(v) = -3*v**2. What is f(q)?
-75
Let x be (-1 - -3) + 0 - 1. Let s(r) = -r**3 + r**2 - r. Let l(i) = -467*i - 9*i**3 + 460*i + 2*i**3 + 1 + 6*i**2. Let k(g) = l(g) - 6*s(g). Give k(x).
-1
Let j(a) = a + 7. Let w be j(-6). Let l be 18/(-12) + (w - -1)/4. Let z(k) = k + 1. Let h(b) = b**2 - 8*b - 2. Let y(n) = l*h(n) - 5*z(n). Determine y(3).
-3
Suppose -108 + 294 = 62*j. Let a(b) = 3*b**2 - 3*b - 2. Calculate a(j).
16
Let p(o) be the third derivative of 11*o**5/20 + 5*o**4/24 + 2*o**3/3 + 857*o**2. Calculate p(-1).
32
Let p(y) be the second derivative of -y**4/12 - 5*y**3/3 - 3*y**2/2 - 913*y + 2. Let l be (-2 + 3 - 6)*-1. Suppose -3*d + 16 = -l*d. What is p(d)?
13
Suppose -v - 25 = -5*r, -5*r - 297 = v - 312. Let u(o) = -o**3 - 6*o**2 + 4*o - 5. Calculate u(v).
-50
Let l(x) = 0*x - 8 - 3*x - 2*x**2 - 3*x**2 - 5*x + 6*x**2. Suppose -5*c + 14*c = 72. Give l(c).
-8
Let j(l) = -l. Let x(g) = -g - 2. Let b(p) = -j(p) - x(p). Suppose -2*o + 108 = 2*z, -3*z - 34 = -4*z + 3*o. Suppose z*n + 20 = 54*n. Give b(n).
10
Let s(p) = 44*p**2 - 14 + p**3 + 21*p**2 + 5*p - 55*p**2. Calculate s(-9).
22
Let o(u) be the first derivative of -u**3/3 - 10*u**2 - 67*u + 8854. Determine o(-15).
8
Suppose 14*p + c - 266 = 0, 2*p + 4*c = p + 19. Let q(m) = -m**2 + 17*m + 19. Give q(p).
-19
Let l = -76 + 74. Suppose -4*c = -5*c + 2. Let d(s) = 0 - 2 + s + 2 + c. Give d(l).
0
Let b(i) = -i**2 - 2*i + 7. Let t be (-235)/47*((-4)/(-6))/(2/(-3)). What is b(t)?
-28
Let x be ((-190)/(-30) + -7)/(1/6). Let p(h) be the third derivative of -h**4/12 - 5*h**3/6 - h**2. Let a be p(x). Let y(d) = d**2 - 2*d + 3. What is y(a)?
6
Let b(n) = n**3 - 11*n**2 + 8*n + 12. Suppose -169*i + 168*i = -2*u - 10, -30 = -3*i - 2*u. Determine b(i).
-8
Let c(y) = 24*y - 3. Let a(d) = -31*d + 4. Let h(o) = 3*a(o) + 4*c(o). Let i(b) = 4*b**2 - 33*b + 9. Let x be i(8). Give h(x).
3
Let h(m) = -m**3 + 6*m**2 - 2*m + 4. Let f = -35 + 68. Let a = -36 + f. Let z be (-1 + -7)*a/4. Give h(z).
-8
Let o(b) = 14*b**2 + 2*b + 38. Let g(u) = -11*u**2 - 2*u - 35. Let q(j) = -5*g(j) - 4*o(j). Calculate q(9).
-40
Let y(d) = 5*d**2 + 11*d + 9. Let g(x) = x**2 + x. Let a(b) = 6*g(b) - y(b). Suppose 5*n - 7 = 28. Give a(n).
5
Suppose 3*v = 5*u - 72, 5*u - 2*v + 6*v - 44 = 0. Let i(w) = -u*w - 8*w**2 + 4*w - 2*w - w**3 - 8. Determine i(-6).
-20
Let h = 313 + -311. Let v be ((-140)/210)/(h + 16/(-6)). Let n(t) = -19*t**2 - 3*t + 1. Give n(v).
-21
Let c(x) = x**3 + 87*x**2 + 19*x + 123. Let a(r) = 2*r**3 + 134*r**2 + 19*r + 121. Let t(d) = -2*a(d) + 3*c(d). Give t(-7).
-6
Let v(r) = -r**3 - 4*r**2 - 3*r - 3. Let t(w) = -w**2 - 226*w - 6689. Let d be t(-35). Give v(d).
9
Suppose -4*u - 2*g + 125 = -5*g, 2*u - 2*g = 60. Let w(j) = 5*j - 166. What is w(u)?
9
Let j(t) = -t**3 - 39*t**2 - 72*t + 72. Let q be j(-37). Let f(l) = 11*l**2 + 6*l + 3. Determine f(q).
35
Let p(f) = -2*f**3 + 5*f**2 + 27*f - 4. Suppose 67*g + 8 = 65*g, 4*l + 2*g = 12. What is p(l)?
6
Let u(k) be the third derivative of k**6/120 + k**5/15 - k**4/24 - k**3/3 + 5*k**2. Let p = -226 + 158. Let z = 66 + p. Determine u(z).
8
Let l(r) = 4*r + 7. Let p = -3569 - -3576. Determine l(p).
35
Let c(o) = 11*o**2 + 3*o + 1. Let a(h) = -2*h**3 + 85*h**2 - 40*h - 86. Let g be a(42). What is c(g)?
39
Let m(o) = o**3 - 76*o - 88*o + 252*o - 74*o - 6*o**2 - 27. Let w be m(4). Let z(h) = h**3 + 4*h**2 + 4*h + 2. Determine z(w).
-1
Let i(p) = -31*p + 4*p**2 + 2687 - 2679 - 3*p**2 + 21*p. Give i(9).
-1
Suppose -9*h + 401 + 220 = 0. Let b = -69 + h. Let p(l) = -l + 2. Calculate p(b).
2
Suppose 3*f - 14 = -2. Suppose f*v - 4*a + 8 = 0, 4*a = 2*v + 3*a - 1. Let r(g) = -163 - 3*g + 205 + 2*g**2 - 45. Calculate r(v).
6
Let m(j) = -j - 9. Let n be (-70)/(-3) - (-2)/3. Let i be 7/420*12 + (-38)/(-10). Suppose z = 3*z + 4, 2*t + n = -i*z. What is m(t)?
-1
Let o = -4 - -34. Let k be 12/10*o/(-9). Let i(q) = -3*q**2 - 2*q + 5. Let j(t) = 2*t**2 - 3*t - 1. Let v(u) = -i(u) - j(u). What is v(k)?
-8
Let a(d) = 8*d - 3. Let l(z) = -4*z + 2. Let h(i) = -3*a(i) - 5*l(i). Let m be (180/(-25))/2 + 3/5. Let t be 96/72 + 1/m. Give h(t).
-5
Let s(u) = u + 13. Let z(j) = -17*j - 116. Let o be z(-10). Suppose 11*m - 2*m = -o. Give s(m).
7
Suppose 965 = -208*l - 565 - 966. Let r(b) = 12*b + 37. What is r(l)?
-107
Let b(f) be the third derivative of -f**8/960 + f**5/120 - f**4/24 + 13*f**3/3 + 145*f**2. Let a(g) be the second derivative of b(g). Give a(-1).
8
Let d be -14*(2 - -1)/(-6). Suppose -d - 13 = -4*j. Let r(o) be the first derivative of -o**2 + 4*o + 4. Calculate r(j).
-6
Let i(m) = -6*m + 1. Let r(k) = k + 3. Let n be r(0). Let y be n/(18/4)*(-288)/192. Calculate i(y).
7
Let k(p) = 7467 - 7477 - p + 4*p - p + 3*p. Determine k(4).
10
Let g(a) be the third derivative of 2*a**5/15 - a**4/8 + 11*a**2. Let n(k) = 17*k**2 - 7*k. Let i(h) = 5*g(h) - 2*n(h). What is i(-1)?
7
Let z(m) = 9*m - 124. Let v be z(13). Let t = -32 + 32. Let k(s) = 7*s - 6 - 8*s + t*s. Give k(v).
1
Let o(n) = -n**2 - 7*n - 4. Suppose 10*r + 64 - 244 = 0. Suppose -t - 23 = -4*b, -3*t + r = -5*t + b. What is o(t)?
-4
Let s(w) be the second derivative of -w**5/4 + w**3/6 - w**2/2 + 2*w. Let j(v) = 10*v + 61. Suppose -4*u + 6*n = 3*n + 30, 4 = 2*n. Let k be j(u). Give s(k).
-5
Let k(m) = 3*m**3 - 3*m**2 + 31*m - 23. Let q(s) = 5*s**3 - 4*s**2 + 48*s - 35. Let b(c) = 8*k(c) - 5*q(c). Determine b(-6).
15
Let c(z) = 7*z**2 + 11*z + 10. Let x be (1 - -1)/(3 + -5)*1. Let y be c(x). Let u(h) = -2*h + 9. What is u(y)?
-3
Let s(i) = -2653030*i + 2653027*i + 70 + 31. Give s(29).
14
Let w(g) = -g**2 + 110*g + 1739. Let l be w(-14). Let r(u) = 4*u**2 + u - 24. Calculate r(l).
15
Let o(r) = -9*r + 219. Let c(k) = -4*k + 92. Let d(m) = -7*c(m) + 3*o(m). Suppose -2*n - x - 13 = 0, 3*x = -n + 4*x - 5. Calculate d(n).
7
Let l(s) = 381 + s - 12*s - 398 + s. Give l(-5).
33
Let g = -8170 - -8167. Let k(t) = -2 + 2 + t + 0*t. Determine k(g).
-3
Let t(g) be the second derivative of -g**5/2 + 2*g**4/3 - 9506*g. Let m(p) = -8*p**3 + 7*p**2. Let s = 8 - 14. Let x(h) = s*t(h) + 7*m(h). What is x(-1)?
-3
Let t(y) = -33*y**2 - 20*y + 17. Let j(k) = -11*k**2 - 7*k + 6. Suppose 24 = -2*q - 10. Let b(w) = q*j(w) + 6*t(w). Let l be (-2)/(-1)*(-7)/(-14). What is b(l)?
-12
Suppose -4*w + 0*w = 24. Suppose p + 804 = 5*l, 6*l - 4*l - 336 = 4*p. Let n(m) = 0 + m**3 - 6*m**2 + 13*m**2 + 4 + 166*m - l*m. Calculate n(w).
4
Suppose 5*h - 2*q + 20 = 0, 2*h = -3*h + q - 25. Let n(z) = 5*z + 21. Determine n(h).
-9
Let m be 140/18 - (-14)/63. Suppose 0 = -t + 5*t - m. Let d(a) = 2*a**t + a**3 + 2*a**2 + 3*a**2. Calculate d(-7).
0
Let j(x) = -5*x**2 + 9*x - 18. Let a(n) be the third derivative of -n**5/20 + n**4/6 - 3*n**3/2 + n**2 - 33*n. Let g(p) = -7*a(p) + 4*j(p). What is g(-8)?
-9
Suppose 0 = -4*g - 2*h + 18, g - 4 = -2*h - 7. Let k(t) be the second derivative of t**5/20 - 7*t**4/12 - t**3/6 + 3*t**2 + 195*t. Determine k(g).
-1
Let u(a)